{"id":296,"date":"2022-11-21T14:29:21","date_gmt":"2022-11-21T19:29:21","guid":{"rendered":"https:\/\/gestionescolar.com.mx\/classroom\/?page_id=296"},"modified":"2022-11-21T14:31:09","modified_gmt":"2022-11-21T19:31:09","slug":"aviso-de-privacidad","status":"publish","type":"page","link":"https:\/\/gestionescolar.com.mx\/en\/aviso-de-privacidad\/","title":{"rendered":"Aviso de Privacidad"},"content":{"rendered":"\t\t<div data-elementor-type=\"wp-page\" data-elementor-id=\"296\" class=\"elementor elementor-296\" data-elementor-post-type=\"page\">\n\t\t\t\t\t\t<section data-particle_enable=\"false\" data-particle-mobile-disabled=\"false\" class=\"elementor-section elementor-top-section elementor-element elementor-element-06b9758 elementor-section-full_width elementor-section-stretched elementor-section-height-default elementor-section-height-default\" data-id=\"06b9758\" data-element_type=\"section\" data-e-type=\"section\" data-settings=\"{&quot;stretch_section&quot;:&quot;section-stretched&quot;,&quot;ekit_has_onepagescroll_dot&quot;:&quot;yes&quot;}\">\n\t\t\t\t\t\t<div class=\"elementor-container elementor-column-gap-default\">\n\t\t\t\t\t<div class=\"elementor-column elementor-col-100 elementor-top-column elementor-element elementor-element-21954d3\" data-id=\"21954d3\" data-element_type=\"column\" data-e-type=\"column\">\n\t\t\t<div class=\"elementor-widget-wrap elementor-element-populated\">\n\t\t\t\t\t\t<div class=\"elementor-element elementor-element-76aa9cb elementor-widget elementor-widget-heading\" data-id=\"76aa9cb\" data-element_type=\"widget\" data-e-type=\"widget\" data-settings=\"{&quot;ekit_we_effect_on&quot;:&quot;none&quot;}\" data-widget_type=\"heading.default\">\n\t\t\t\t<div class=\"elementor-widget-container\">\n\t\t\t\t\t<h2 class=\"elementor-heading-title elementor-size-default\">Aviso de Privacidad<\/h2>\t\t\t\t<\/div>\n\t\t\t\t<\/div>\n\t\t\t\t<div class=\"elementor-element elementor-element-dd8ef31 elementor-widget elementor-widget-text-editor\" data-id=\"dd8ef31\" data-element_type=\"widget\" data-e-type=\"widget\" data-settings=\"{&quot;ekit_we_effect_on&quot;:&quot;none&quot;}\" data-widget_type=\"text-editor.default\">\n\t\t\t\t<div class=\"elementor-widget-container\">\n\t\t\t\t\t\t\t\t\t<div class=\"elementor-element elementor-element-b70ff03 elementor-widget elementor-widget-heading\" data-id=\"b70ff03\" data-element_type=\"widget\" data-widget_type=\"heading.default\"><div class=\"elementor-widget-container\">\u00a0<\/div><\/div><div class=\"elementor-element elementor-element-9a9bbe4 elementor-widget elementor-widget-text-editor\" data-id=\"9a9bbe4\" data-element_type=\"widget\" data-widget_type=\"text-editor.default\"><div class=\"elementor-widget-container\"><p>Basty Sarai Cuellar Delgado, mejor conocido como Grupo Colvix, con domicilio en Valle de Zacango 26c, colonia Cofradia 2, ciudad Cuautitlan Izcalli, municipio o delegaci\u00f3n Cuautitlan Izcalli, c.p. 54715, en la entidad de Estado de M\u00e9xico, pa\u00eds M\u00e9xico, y portal de internet https:\/\/gestionescolar.com.mx, es el responsable del uso y protecci\u00f3n de sus datos personales, y al respecto le informamos lo siguiente:<br \/><br \/>\u00bfPara qu\u00e9 fines utilizaremos sus datos personales?<br \/><br \/>De manera adicional, utilizaremos su informaci\u00f3n personal para las siguientes finalidades secundarias que no son necesarias para el servicio solicitado, pero que nos permiten y facilitan brindarle una mejor atenci\u00f3n:<br \/><br \/>\u25cf generaci\u00f3n de accesos a plataforma<br \/>\u25cf emisi\u00f3n de diplomas<br \/>\u25cf mercadotecnia<br \/>\u25cf Mercadotecnia o publicitaria<br \/>\u25cf Prospecci\u00f3n comercial<br \/><br \/>En caso de que no desee que sus datos personales se utilicen para estos fines secundarios, ind\u00edquelo a continuaci\u00f3n:<br \/>No consiento que mis datos personales se utilicen para los siguientes fines:<br \/><br \/>[ ] generaci\u00f3n de accesos a plataforma<br \/>[ ] emisi\u00f3n de diplomas<br \/>[ ] mercadotecnia<br \/>[ ] Mercadotecnia o publicitaria<br \/>[ ] Prospecci\u00f3n comercial<br \/><br \/>La negativa para el uso de sus datos personales para estas finalidades no podr\u00e1 ser un motivo para que le neguemos los servicios y productos que solicita o contrata con nosotros.<br \/><br \/>\u00bfD\u00f3nde puedo consultar el aviso de privacidad integral?<br \/>Para conocer mayor informaci\u00f3n sobre los t\u00e9rminos y condiciones en que ser\u00e1n tratados sus datos personales, como los terceros con quienes compartimos su informaci\u00f3n personal y la forma en que podr\u00e1 ejercer sus derechos ARCO, puede consultar el aviso de privacidad integral en:<br \/>https:\/\/gestionescolar.com.mx\/index.php\/aviso<\/p><\/div><\/div>\t\t\t\t\t\t\t\t<\/div>\n\t\t\t\t<\/div>\n\t\t\t\t\t<\/div>\n\t\t<\/div>\n\t\t\t\t\t<\/div>\n\t\t<\/section>\n\t\t\t\t<\/div>\n\t\t","protected":false},"excerpt":{"rendered":"<p>Aviso de Privacidad \u00a0 Basty Sarai Cuellar Delgado, mejor conocido como Grupo Colvix, con domicilio en Valle de Zacango 26c, colonia Cofradia 2, ciudad Cuautitlan Izcalli, municipio o delegaci\u00f3n Cuautitlan Izcalli, c.p. 54715, en la entidad de Estado de M\u00e9xico, pa\u00eds M\u00e9xico, y portal de internet https:\/\/gestionescolar.com.mx, es el responsable del uso y protecci\u00f3n de [&hellip;]<\/p>\n","protected":false},"author":1,"featured_media":0,"parent":0,"menu_order":0,"comment_status":"closed","ping_status":"closed","template":"elementor_header_footer","meta":{"_joinchat":[],"footnotes":""},"class_list":["post-296","page","type-page","status-publish","hentry"],"yoast_head":"<!-- This site is optimized with the Yoast SEO plugin v27.4 - https:\/\/yoast.com\/product\/yoast-seo-wordpress\/ -->\n<title>Aviso de Privacidad - Classroom<\/title>\n<meta name=\"robots\" content=\"index, follow, max-snippet:-1, max-image-preview:large, max-video-preview:-1\" \/>\n<link rel=\"canonical\" href=\"https:\/\/gestionescolar.com.mx\/en\/aviso-de-privacidad\/\" \/>\n<meta property=\"og:locale\" content=\"en_US\" \/>\n<meta property=\"og:type\" content=\"article\" \/>\n<meta property=\"og:title\" content=\"Aviso de Privacidad - Classroom\" \/>\n<meta property=\"og:description\" content=\"Aviso de Privacidad \u00a0 Basty Sarai Cuellar Delgado, mejor conocido como Grupo Colvix, con domicilio en Valle de Zacango 26c, colonia Cofradia 2, ciudad Cuautitlan Izcalli, municipio o delegaci\u00f3n Cuautitlan Izcalli, c.p. 54715, en la entidad de Estado de M\u00e9xico, pa\u00eds M\u00e9xico, y portal de internet https:\/\/gestionescolar.com.mx, es el responsable del uso y protecci\u00f3n de [&hellip;]\" \/>\n<meta property=\"og:url\" content=\"https:\/\/gestionescolar.com.mx\/en\/aviso-de-privacidad\/\" \/>\n<meta property=\"og:site_name\" content=\"Classroom\" \/>\n<meta property=\"article:modified_time\" content=\"2022-11-21T19:31:09+00:00\" \/>\n<meta name=\"twitter:card\" content=\"summary_large_image\" \/>\n<meta name=\"twitter:label1\" content=\"Est. reading time\" \/>\n\t<meta name=\"twitter:data1\" content=\"1 minute\" \/>\n<script type=\"application\/ld+json\" class=\"yoast-schema-graph\">{\"@context\":\"https:\\\/\\\/schema.org\",\"@graph\":[{\"@type\":\"WebPage\",\"@id\":\"https:\\\/\\\/gestionescolar.com.mx\\\/aviso-de-privacidad\\\/\",\"url\":\"https:\\\/\\\/gestionescolar.com.mx\\\/aviso-de-privacidad\\\/\",\"name\":\"Aviso de Privacidad - Classroom\",\"isPartOf\":{\"@id\":\"https:\\\/\\\/gestionescolar.com.mx\\\/#website\"},\"datePublished\":\"2022-11-21T19:29:21+00:00\",\"dateModified\":\"2022-11-21T19:31:09+00:00\",\"breadcrumb\":{\"@id\":\"https:\\\/\\\/gestionescolar.com.mx\\\/aviso-de-privacidad\\\/#breadcrumb\"},\"inLanguage\":\"en-US\",\"potentialAction\":[{\"@type\":\"ReadAction\",\"target\":[\"https:\\\/\\\/gestionescolar.com.mx\\\/aviso-de-privacidad\\\/\"]}]},{\"@type\":\"BreadcrumbList\",\"@id\":\"https:\\\/\\\/gestionescolar.com.mx\\\/aviso-de-privacidad\\\/#breadcrumb\",\"itemListElement\":[{\"@type\":\"ListItem\",\"position\":1,\"name\":\"Inicio\",\"item\":\"https:\\\/\\\/gestionescolar.com.mx\\\/\"},{\"@type\":\"ListItem\",\"position\":2,\"name\":\"Aviso de Privacidad\"}]},{\"@type\":\"WebSite\",\"@id\":\"https:\\\/\\\/gestionescolar.com.mx\\\/#website\",\"url\":\"https:\\\/\\\/gestionescolar.com.mx\\\/\",\"name\":\"Classroom\",\"description\":\"Centro de capacitaci\u00f3n Colvix\",\"potentialAction\":[{\"@type\":\"SearchAction\",\"target\":{\"@type\":\"EntryPoint\",\"urlTemplate\":\"https:\\\/\\\/gestionescolar.com.mx\\\/?s={search_term_string}\"},\"query-input\":{\"@type\":\"PropertyValueSpecification\",\"valueRequired\":true,\"valueName\":\"search_term_string\"}}],\"inLanguage\":\"en-US\"}]}<\/script>\n<!-- \/ Yoast SEO plugin. -->","yoast_head_json":{"title":"Aviso de Privacidad - Classroom","robots":{"index":"index","follow":"follow","max-snippet":"max-snippet:-1","max-image-preview":"max-image-preview:large","max-video-preview":"max-video-preview:-1"},"canonical":"https:\/\/gestionescolar.com.mx\/en\/aviso-de-privacidad\/","og_locale":"en_US","og_type":"article","og_title":"Aviso de Privacidad - Classroom","og_description":"Aviso de Privacidad \u00a0 Basty Sarai Cuellar Delgado, mejor conocido como Grupo Colvix, con domicilio en Valle de Zacango 26c, colonia Cofradia 2, ciudad Cuautitlan Izcalli, municipio o delegaci\u00f3n Cuautitlan Izcalli, c.p. 54715, en la entidad de Estado de M\u00e9xico, pa\u00eds M\u00e9xico, y portal de internet https:\/\/gestionescolar.com.mx, es el responsable del uso y protecci\u00f3n de [&hellip;]","og_url":"https:\/\/gestionescolar.com.mx\/en\/aviso-de-privacidad\/","og_site_name":"Classroom","article_modified_time":"2022-11-21T19:31:09+00:00","twitter_card":"summary_large_image","twitter_misc":{"Est. reading time":"1 minute"},"schema":{"@context":"https:\/\/schema.org","@graph":[{"@type":"WebPage","@id":"https:\/\/gestionescolar.com.mx\/aviso-de-privacidad\/","url":"https:\/\/gestionescolar.com.mx\/aviso-de-privacidad\/","name":"Aviso de Privacidad - Classroom","isPartOf":{"@id":"https:\/\/gestionescolar.com.mx\/#website"},"datePublished":"2022-11-21T19:29:21+00:00","dateModified":"2022-11-21T19:31:09+00:00","breadcrumb":{"@id":"https:\/\/gestionescolar.com.mx\/aviso-de-privacidad\/#breadcrumb"},"inLanguage":"en-US","potentialAction":[{"@type":"ReadAction","target":["https:\/\/gestionescolar.com.mx\/aviso-de-privacidad\/"]}]},{"@type":"BreadcrumbList","@id":"https:\/\/gestionescolar.com.mx\/aviso-de-privacidad\/#breadcrumb","itemListElement":[{"@type":"ListItem","position":1,"name":"Inicio","item":"https:\/\/gestionescolar.com.mx\/"},{"@type":"ListItem","position":2,"name":"Aviso de Privacidad"}]},{"@type":"WebSite","@id":"https:\/\/gestionescolar.com.mx\/#website","url":"https:\/\/gestionescolar.com.mx\/","name":"Classroom","description":"Centro de capacitaci\u00f3n Colvix","potentialAction":[{"@type":"SearchAction","target":{"@type":"EntryPoint","urlTemplate":"https:\/\/gestionescolar.com.mx\/?s={search_term_string}"},"query-input":{"@type":"PropertyValueSpecification","valueRequired":true,"valueName":"search_term_string"}}],"inLanguage":"en-US"}]}},"_links":{"self":[{"href":"https:\/\/gestionescolar.com.mx\/en\/wp-json\/wp\/v2\/pages\/296","targetHints":{"allow":["GET"]}}],"collection":[{"href":"https:\/\/gestionescolar.com.mx\/en\/wp-json\/wp\/v2\/pages"}],"about":[{"href":"https:\/\/gestionescolar.com.mx\/en\/wp-json\/wp\/v2\/types\/page"}],"author":[{"embeddable":true,"href":"https:\/\/gestionescolar.com.mx\/en\/wp-json\/wp\/v2\/users\/1"}],"replies":[{"embeddable":true,"href":"https:\/\/gestionescolar.com.mx\/en\/wp-json\/wp\/v2\/comments?post=296"}],"version-history":[{"count":4,"href":"https:\/\/gestionescolar.com.mx\/en\/wp-json\/wp\/v2\/pages\/296\/revisions"}],"predecessor-version":[{"id":300,"href":"https:\/\/gestionescolar.com.mx\/en\/wp-json\/wp\/v2\/pages\/296\/revisions\/300"}],"wp:attachment":[{"href":"https:\/\/gestionescolar.com.mx\/en\/wp-json\/wp\/v2\/media?parent=296"}],"curies":[{"name":"wp","href":"https:\/\/api.w.org\/{rel}","templated":true}]}}

<div data-elementor-type="wp-page" data-elementor-id="296" class="elementor elementor-296" data-elementor-post-type="page">
						<section data-particle_enable="false" data-particle-mobile-disabled="false" class="elementor-section elementor-top-section elementor-element elementor-element-06b9758 elementor-section-full_width elementor-section-stretched elementor-section-height-default elementor-section-height-default" data-id="06b9758" data-element_type="section" data-e-type="section" data-settings="{&quot;stretch_section&quot;:&quot;section-stretched&quot;,&quot;ekit_has_onepagescroll_dot&quot;:&quot;yes&quot;}">
						<div class="elementor-container elementor-column-gap-default">
					<div class="elementor-column elementor-col-100 elementor-top-column elementor-element elementor-element-21954d3" data-id="21954d3" data-element_type="column" data-e-type="column">
			<div class="elementor-widget-wrap elementor-element-populated">
						<div class="elementor-element elementor-element-76aa9cb elementor-widget elementor-widget-heading" data-id="76aa9cb" data-element_type="widget" data-e-type="widget" data-settings="{&quot;ekit_we_effect_on&quot;:&quot;none&quot;}" data-widget_type="heading.default">
				<div class="elementor-widget-container">
					<h2 class="elementor-heading-title elementor-size-default">Aviso de Privacidad</h2>				</div>
				</div>
				<div class="elementor-element elementor-element-dd8ef31 elementor-widget elementor-widget-text-editor" data-id="dd8ef31" data-element_type="widget" data-e-type="widget" data-settings="{&quot;ekit_we_effect_on&quot;:&quot;none&quot;}" data-widget_type="text-editor.default">
				<div class="elementor-widget-container">
									<div class="elementor-element elementor-element-b70ff03 elementor-widget elementor-widget-heading" data-id="b70ff03" data-element_type="widget" data-widget_type="heading.default"><div class="elementor-widget-container"> </div></div><div class="elementor-element elementor-element-9a9bbe4 elementor-widget elementor-widget-text-editor" data-id="9a9bbe4" data-element_type="widget" data-widget_type="text-editor.default"><div class="elementor-widget-container"><p>Basty Sarai Cuellar Delgado, mejor conocido como Grupo Colvix, con domicilio en Valle de Zacango 26c, colonia Cofradia 2, ciudad Cuautitlan Izcalli, municipio o delegación Cuautitlan Izcalli, c.p. 54715, en la entidad de Estado de México, país México, y portal de internet https://gestionescolar.com.mx, es el responsable del uso y protección de sus datos personales, y al respecto le informamos lo siguiente:<br /><br />¿Para qué fines utilizaremos sus datos personales?<br /><br />De manera adicional, utilizaremos su información personal para las siguientes finalidades secundarias que no son necesarias para el servicio solicitado, pero que nos permiten y facilitan brindarle una mejor atención:<br /><br />● generación de accesos a plataforma<br />● emisión de diplomas<br />● mercadotecnia<br />● Mercadotecnia o publicitaria<br />● Prospección comercial<br /><br />En caso de que no desee que sus datos personales se utilicen para estos fines secundarios, indíquelo a continuación:<br />No consiento que mis datos personales se utilicen para los siguientes fines:<br /><br />[ ] generación de accesos a plataforma<br />[ ] emisión de diplomas<br />[ ] mercadotecnia<br />[ ] Mercadotecnia o publicitaria<br />[ ] Prospección comercial<br /><br />La negativa para el uso de sus datos personales para estas finalidades no podrá ser un motivo para que le neguemos los servicios y productos que solicita o contrata con nosotros.<br /><br />¿Dónde puedo consultar el aviso de privacidad integral?<br />Para conocer mayor información sobre los términos y condiciones en que serán tratados sus datos personales, como los terceros con quienes compartimos su información personal y la forma en que podrá ejercer sus derechos ARCO, puede consultar el aviso de privacidad integral en:<br />https://gestionescolar.com.mx/index.php/aviso</p></div></div>								</div>
				</div>
					</div>
		</div>
					</div>
		</section>
				</div>

<p>Aviso de Privacidad   Basty Sarai Cuellar Delgado, mejor conocido como Grupo Colvix, con domicilio en Valle de Zacango 26c, colonia Cofradia 2, ciudad Cuautitlan Izcalli, municipio o delegación Cuautitlan Izcalli, c.p. 54715, en la entidad de Estado de México, país México, y portal de internet https://gestionescolar.com.mx, es el responsable del uso y protección de [&hellip;]</p>

<!-- This site is optimized with the Yoast SEO plugin v27.4 - https://yoast.com/product/yoast-seo-wordpress/ -->
<title>Aviso de Privacidad - Classroom</title>
<meta name="robots" content="index, follow, max-snippet:-1, max-image-preview:large, max-video-preview:-1" />
<link rel="canonical" href="https://gestionescolar.com.mx/en/aviso-de-privacidad/" />
<meta property="og:locale" content="en_US" />
<meta property="og:type" content="article" />
<meta property="og:title" content="Aviso de Privacidad - Classroom" />
<meta property="og:description" content="Aviso de Privacidad   Basty Sarai Cuellar Delgado, mejor conocido como Grupo Colvix, con domicilio en Valle de Zacango 26c, colonia Cofradia 2, ciudad Cuautitlan Izcalli, municipio o delegación Cuautitlan Izcalli, c.p. 54715, en la entidad de Estado de México, país México, y portal de internet https://gestionescolar.com.mx, es el responsable del uso y protección de [&hellip;]" />
<meta property="og:url" content="https://gestionescolar.com.mx/en/aviso-de-privacidad/" />
<meta property="og:site_name" content="Classroom" />
<meta property="article:modified_time" content="2022-11-21T19:31:09+00:00" />
<meta name="twitter:card" content="summary_large_image" />
<meta name="twitter:label1" content="Est. reading time" />
	<meta name="twitter:data1" content="1 minute" />
<script type="application/ld+json" class="yoast-schema-graph">{"@context":"https:\/\/schema.org","@graph":[{"@type":"WebPage","@id":"https:\/\/gestionescolar.com.mx\/aviso-de-privacidad\/","url":"https:\/\/gestionescolar.com.mx\/aviso-de-privacidad\/","name":"Aviso de Privacidad - Classroom","isPartOf":{"@id":"https:\/\/gestionescolar.com.mx\/#website"},"datePublished":"2022-11-21T19:29:21+00:00","dateModified":"2022-11-21T19:31:09+00:00","breadcrumb":{"@id":"https:\/\/gestionescolar.com.mx\/aviso-de-privacidad\/#breadcrumb"},"inLanguage":"en-US","potentialAction":[{"@type":"ReadAction","target":["https:\/\/gestionescolar.com.mx\/aviso-de-privacidad\/"]}]},{"@type":"BreadcrumbList","@id":"https:\/\/gestionescolar.com.mx\/aviso-de-privacidad\/#breadcrumb","itemListElement":[{"@type":"ListItem","position":1,"name":"Inicio","item":"https:\/\/gestionescolar.com.mx\/"},{"@type":"ListItem","position":2,"name":"Aviso de Privacidad"}]},{"@type":"WebSite","@id":"https:\/\/gestionescolar.com.mx\/#website","url":"https:\/\/gestionescolar.com.mx\/","name":"Classroom","description":"Centro de capacitación Colvix","potentialAction":[{"@type":"SearchAction","target":{"@type":"EntryPoint","urlTemplate":"https:\/\/gestionescolar.com.mx\/?s={search_term_string}"},"query-input":{"@type":"PropertyValueSpecification","valueRequired":true,"valueName":"search_term_string"}}],"inLanguage":"en-US"}]}</script>
<!-- / Yoast SEO plugin. -->

Aviso de Privacidad   Basty Sarai Cuellar Delgado, mejor conocido como Grupo Colvix, con domicilio en Valle de Zacango 26c, colonia Cofradia 2, ciudad Cuautitlan Izcalli, municipio o delegación Cuautitlan Izcalli, c.p. 54715, en la entidad de Estado de México, país México, y portal de internet https://gestionescolar.com.mx, es el responsable del uso y protección de [&hellip;]

Centro de capacitación Colvix
